{"id":57,"date":"2015-12-14T11:39:55","date_gmt":"2015-12-14T11:39:55","guid":{"rendered":"http:\/\/falacias.escepticos.es\/?page_id=57"},"modified":"2020-09-29T12:51:52","modified_gmt":"2020-09-29T10:51:52","slug":"peticion-de-principio","status":"publish","type":"page","link":"https:\/\/falacias.escepticos.es\/index.php\/peticion-de-principio\/","title":{"rendered":"Petici\u00f3n de principio"},"content":{"rendered":"<p><b>Falacia que se comete cuando nos quieren demostrar algo metiendo ese algo en la misma demostraci\u00f3n.<\/b><\/p>\n<p><a href=\"http:\/\/falacias.escepticos.es\/wp-content\/uploads\/2015\/12\/02-2.gif\" rel=\"attachment wp-att-361\"><img decoding=\"async\" loading=\"lazy\" class=\"alignnone wp-image-750 size-full\" title=\"\" src=\"https:\/\/falacias.escepticos.es\/wp-content\/uploads\/2020\/09\/02.gif\" alt=\"\" width=\"1024\" height=\"512\"><\/a><\/p>\n<div id=\"oculto\" style=\"visibility: hidden; display: none;\">\n<p id=\"p1\">https:\/\/falacias.escepticos.es\/wp-content\/uploads\/2020\/09\/02.gif<\/p>\n<\/div>\n<p style=\"text-align: center;\">\n<button onclick=\"copiarAlPortapapeles('p1')\">Clica aqu\u00ed para copiar la imagen para tu red social<\/button><\/p>\n<p>Fuente, <a href=\"https:\/\/es.wikipedia.org\/wiki\/Petici%C3%B3n_de_principio\" target=\"_blank\" rel=\"noopener noreferrer\">wikipedia<\/a><br>Se trata de una falacia que se produce cuando la proposici\u00f3n por ser probada se incluye impl\u00edcita o expl\u00edcitamente entre las premisas. Como concepto en la l\u00f3gica la primera definici\u00f3n de esta falacia conocida en Occidente fue acu\u00f1ada por el fil\u00f3sofo griego Arist\u00f3teles, en su obra Primeros anal\u00edticos.<\/p>\n<p><strong>Ejemplos:<\/strong><br>Veamos un intento de probar que Jacques Lacan dice la verdad:<br>Supongamos que Jacques Lacan no miente cuando habla (es decir, dice la verdad).<br>Jacques Lacan est\u00e1 hablando.<br>Por lo tanto, Jacques Lacan est\u00e1 diciendo la verdad.<br>Todas estas formas de argumentar no son l\u00f3gicas, no prueban algo, y por tanto son sofismas o pseudorrazonamientos. El problema aqu\u00ed es que el autor, buscando probar la veracidad de Lacan, le pide a su audiencia que asuma que Lacan dice la verdad, de modo que lo que termina \u00abprobando\u00bb es que \u00absi Lacan no miente, entonces dice la verdad\u00bb.<\/p>\n<p><strong>Para rebatirla:<\/strong><br>Toda petici\u00f3n de principio intenta colar la proposici\u00f3n que tiene que probarse, dentro de alguna de las premisas que se argumentan. Hay que encontrarlo, a veces est\u00e1 muy oculto, y exponerlo a la luz.<\/p>\n<p style=\"color: grey; font-family: Verdana; font-size: 75%;\">Cuando no se cita el origen, la definici\u00f3n y ejemplos est\u00e1n extra\u00eddos de una traducci\u00f3n de Jaime Wilson jwilson@bytecr.com a partir de: <em>Stephen\u2019s Guide to the Logical Fallacies<\/em>. Copyright 1995-1998 Stephen Downes. Brandon, Manitoba, Canada.<br>Esos textos fueron retocados por Miguel A. Lerma, y ahora por nosotros, adem\u00e1s de los procedentes de la Wikipedia, para adaptarlos a nuestro formato.<\/p>\n\n\n<p><\/p>\n","protected":false},"excerpt":{"rendered":"<p>Falacia que se comete cuando nos quieren demostrar algo metiendo ese algo en la misma demostraci\u00f3n. https:\/\/falacias.escepticos.es\/wp-content\/uploads\/2020\/09\/02.gif Clica aqu\u00ed para copiar la imagen para tu red social Fuente, wikipediaSe trata de una falacia que se produce cuando la proposici\u00f3n por ser probada se incluye impl\u00edcita o expl\u00edcitamente entre las premisas. Como concepto en la l\u00f3gica [&hellip;]<\/p>\n","protected":false},"author":2,"featured_media":361,"parent":0,"menu_order":0,"comment_status":"closed","ping_status":"closed","template":"","meta":{"footnotes":""},"_links":{"self":[{"href":"https:\/\/falacias.escepticos.es\/index.php\/wp-json\/wp\/v2\/pages\/57"}],"collection":[{"href":"https:\/\/falacias.escepticos.es\/index.php\/wp-json\/wp\/v2\/pages"}],"about":[{"href":"https:\/\/falacias.escepticos.es\/index.php\/wp-json\/wp\/v2\/types\/page"}],"author":[{"embeddable":true,"href":"https:\/\/falacias.escepticos.es\/index.php\/wp-json\/wp\/v2\/users\/2"}],"replies":[{"embeddable":true,"href":"https:\/\/falacias.escepticos.es\/index.php\/wp-json\/wp\/v2\/comments?post=57"}],"version-history":[{"count":18,"href":"https:\/\/falacias.escepticos.es\/index.php\/wp-json\/wp\/v2\/pages\/57\/revisions"}],"predecessor-version":[{"id":890,"href":"https:\/\/falacias.escepticos.es\/index.php\/wp-json\/wp\/v2\/pages\/57\/revisions\/890"}],"wp:featuredmedia":[{"embeddable":true,"href":"https:\/\/falacias.escepticos.es\/index.php\/wp-json\/wp\/v2\/media\/361"}],"wp:attachment":[{"href":"https:\/\/falacias.escepticos.es\/index.php\/wp-json\/wp\/v2\/media?parent=57"}],"curies":[{"name":"wp","href":"https:\/\/api.w.org\/{rel}","templated":true}]}}