{"id":552,"date":"2017-01-07T15:34:52","date_gmt":"2017-01-07T15:34:52","guid":{"rendered":"http:\/\/falacias.escepticos.es\/?page_id=552"},"modified":"2020-09-29T12:53:19","modified_gmt":"2020-09-29T10:53:19","slug":"falacia-de-la-pendiente-resbaladiza","status":"publish","type":"page","link":"https:\/\/falacias.escepticos.es\/index.php\/falacia-de-la-pendiente-resbaladiza\/","title":{"rendered":"Falacia de la pendiente resbaladiza"},"content":{"rendered":"<p><strong>Si haces A, entonces seguro que pasar\u00e1 B, porque yo lo digo.<\/strong><\/p>\n<p><img decoding=\"async\" loading=\"lazy\" class=\"alignnone wp-image-749 size-full\" title=\"\" src=\"https:\/\/falacias.escepticos.es\/wp-content\/uploads\/2020\/09\/21n.gif\" alt=\"\" width=\"1024\" height=\"512\"><\/p>\n<div id=\"oculto\" style=\"visibility: hidden; display: none;\">\n<p id=\"p1\">https:\/\/falacias.escepticos.es\/wp-content\/uploads\/2020\/09\/21n.gif<\/p>\n<\/div>\n<p style=\"text-align: center;\">\n<button onclick=\"copiarAlPortapapeles('p1')\">Clica aqu\u00ed para copiar la imagen para tu red social<\/button><\/p>\n<p>Fuente, <a href=\"https:\/\/es.wikipedia.org\/wiki\/Pendiente_resbaladiza\" target=\"_blank\" rel=\"noopener noreferrer\">Wikipedia<\/a><br \/>\nLa pendiente resbaladiza es una de las teor\u00edas informales cl\u00e1sicas. Sugiere que una acci\u00f3n iniciar\u00e1 una cadena de eventos que culminar\u00e1n en un evento posterior no deseado, sin establecer o cuantificar las contingencias relevantes. El argumento se conoce tambi\u00e9n como el efecto domin\u00f3. A menudo se ofrecen una larga serie de eventos intermedios como los mecanismos de conexi\u00f3n para llegar de A a B, desde un comienzo aparentemente inofensivo hasta un desenlace totalmente indeseable. Esta falacia da por ciertas las consecuencias que no son seguras y a veces ni siquiera probables.<\/p>\n<p><b>Ejemplo:<\/b><\/p>\n<p>Si dejamos que los ni\u00f1os coman de manera incorrecta en la mesa terminar\u00e1n siendo criminales, al no haber asimilado unas normas de conducta sociales adecuadas.<\/p>\n<p><b>Para rebatirla:<\/b><\/p>\n<p><span style=\"font-weight: 400;\">Una pendiente resbaladiza puede ser cierta, pero ser\u00e1 falaz si no se establece la relaci\u00f3n causa-efecto que se pretende sostener. Por lo tanto, si el que afirma no aporta ese dato deber\u00eda de bastar con se\u00f1alarlo para rebatirla. Dado que se suelen argumentar varios pasos desde el inicio de la pendiente al final hay que tener en cuenta que romper uno solo de esos pasos ya niega la afirmaci\u00f3n.<\/span><\/p>\n<p style=\"color: grey; font-family: Verdana; font-size: 75%;\">Cuando no se cita el origen, la definici\u00f3n y ejemplos est\u00e1n extra\u00eddos de una traducci\u00f3n de Jaime Wilson jwilson@bytecr.com a partir de: <em>Stephen\u2019s Guide to the Logical Fallacies<\/em>. Copyright 1995-1998 Stephen Downes. Brandon, Manitoba, Canada.<br \/>\nEsos textos fueron retocados por Miguel A. Lerma, y ahora por nosotros, adem\u00e1s de los procedentes de la Wikipedia, para adaptarlos a nuestro formato.<\/p>\n","protected":false},"excerpt":{"rendered":"<p>Si haces A, entonces seguro que pasar\u00e1 B, porque yo lo digo. https:\/\/falacias.escepticos.es\/wp-content\/uploads\/2020\/09\/21n.gif Clica aqu\u00ed para copiar la imagen para tu red social Fuente, Wikipedia La pendiente resbaladiza es una de las teor\u00edas informales cl\u00e1sicas. Sugiere que una acci\u00f3n iniciar\u00e1 una cadena de eventos que culminar\u00e1n en un evento posterior no deseado, sin establecer o [&hellip;]<\/p>\n","protected":false},"author":2,"featured_media":557,"parent":0,"menu_order":0,"comment_status":"closed","ping_status":"closed","template":"","meta":{"footnotes":""},"_links":{"self":[{"href":"https:\/\/falacias.escepticos.es\/index.php\/wp-json\/wp\/v2\/pages\/552"}],"collection":[{"href":"https:\/\/falacias.escepticos.es\/index.php\/wp-json\/wp\/v2\/pages"}],"about":[{"href":"https:\/\/falacias.escepticos.es\/index.php\/wp-json\/wp\/v2\/types\/page"}],"author":[{"embeddable":true,"href":"https:\/\/falacias.escepticos.es\/index.php\/wp-json\/wp\/v2\/users\/2"}],"replies":[{"embeddable":true,"href":"https:\/\/falacias.escepticos.es\/index.php\/wp-json\/wp\/v2\/comments?post=552"}],"version-history":[{"count":12,"href":"https:\/\/falacias.escepticos.es\/index.php\/wp-json\/wp\/v2\/pages\/552\/revisions"}],"predecessor-version":[{"id":892,"href":"https:\/\/falacias.escepticos.es\/index.php\/wp-json\/wp\/v2\/pages\/552\/revisions\/892"}],"wp:featuredmedia":[{"embeddable":true,"href":"https:\/\/falacias.escepticos.es\/index.php\/wp-json\/wp\/v2\/media\/557"}],"wp:attachment":[{"href":"https:\/\/falacias.escepticos.es\/index.php\/wp-json\/wp\/v2\/media?parent=552"}],"curies":[{"name":"wp","href":"https:\/\/api.w.org\/{rel}","templated":true}]}}